
9
Calculate the remainder when 114 is divided by 36.
6
What is the remainder when 484 is divided by 478?
6
What is the remainder when 859 is divided by 856?
3
What is the remainder when 133 is divided by 39?
16
What is the remainder when 93 is divided by 42?
9
What is the remainder when 234 is divided by 63?
45
What is the remainder when 376 is divided by 43?
32
What is the remainder when 604 is divided by 196?
16
What is the remainder when 142 is divided by 18?
16
What is the remainder when 1001 is divided by 17?
15
Calculate the remainder when 83 is divided by 6.
5
Calculate the remainder when 297 is divided by 15.
12
What is the remainder when 130 is divided by 28?
18
Calculate the remainder when 37 is divided by 26.
11
What is the remainder when 832 is divided by 234?
130
What is the remainder when 2216 is divided by 54?
2
Calculate the remainder when 1219 is divided by 336.
211
Calculate the remainder when 2669 is divided by 37.
5
Calculate the remainder when 1426 is divided by 8.
2
What is the remainder when 614 is divided by 104?
94
What is the remainder when 558 is divided by 13?
12
Calculate the remainder when 76689 is divided by 14.
11
Calculate the remainder when 796 is divided by 14.
12
Calculate the remainder when 283 is divided by 22.
19
Calculate the remainder when 644 is divided by 17.
15
Calculate the remainder when 230 is divided by 26.
22
What is the remainder when 595 is divided by 202?
191
Calculate the remainder when 482 is divided by 238.
6
What is the remainder when 324 is divided by 30?
24
Calculate the remainder when 625 is divided by 204.
13
What is the remainder when 4635 is divided by 76?
75
What is the remainder when 89 is divided by 51?
38
What is the remainder when 64 is divided by 14?
8
What is the remainder when 131 is divided by 53?
25
Calculate the remainder when 77 is divided by 28.
21
Calculate the remainder when 217 is divided by 57.
46
Calculate the remainder when 303 is divided by 9.
6
What is the remainder when 110 is divided by 49?
12
What is the remainder when 1165 is divided by 77?
10
Calculate the remainder when 1195 is divided by 573.
49
What is the remainder when 214 is divided by 15?
4
What is the remainder when 850 is divided by 281?
7
Calculate the remainder when 1309 is divided by 19.
17
Calculate the remainder when 453 is divided by 223.
7
What is the remainder when 24494 is divided by 15?
14
Calculate the remainder when 228 is divided by 5.
3
What is the remainder when 628 is divided by 105?
103
Calculate the remainder when 24 is divided by 7.
3
What is the remainder when 586 is divided by 84?
82
What is the remainder when 113 is divided by 12?
5
What is the remainder when 651 is divided by 82?
77
What is the remainder when 618 is divided by 124?
122
What is the remainder when 503 is divided by 22?
19
Calculate the remainder when 131 is divided by 99.
32
Calculate the remainder when 544 is divided by 45.
4
Calculate the remainder when 729 is divided by 61.
58
Calculate the remainder when 1048 is divided by 50.
48
Calculate the remainder when 1041 is divided by 18.
15
Calculate the remainder when 1455 is divided by 723.
9
What is the remainder when 879 is divided by 40?
39
What is the remainder when 407 is divided by 398?
9
What is the remainder when 12039 is divided by 86?
85
Calculate the remainder when 1633 is divided by 77.
16
Calculate the remainder when 2702 is divided by 66.
62
Calculate the remainder when 18 is divided by 8.
2
What is the remainder when 111 is divided by 9?
3
What is the remainder when 592 is divided by 24?
16
What is the remainder when 1488 is divided by 76?
44
What is the remainder when 969 is divided by 172?
109
What is the remainder when 33 is divided by 11?
0
What is the remainder when 1936 is divided by 38?
36
Calculate the remainder when 1720 is divided by 82.
80
What is the remainder when 1141 is divided by 26?
23
What is the remainder when 5196 is divided by 8?
4
Calculate the remainder when 1483 is divided by 368.
11
Calculate the remainder when 669 is divided by 16.
13
What is the remainder when 2202 is divided by 19?
17
Calculate the remainder when 633 is divided by 152.
25
What is the remainder when 230 is divided by 19?
2
What is the remainder when 421 is divided by 47?
45
Calculate the remainder when 17 is divided by 2.
1
What is the remainder when 5622 is divided by 225?
222
Calculate the remainder when 185 is divided by 50.
35
Calculate the remainder when 5937 is divided by 18.
15
Calculate the remainder when 442 is divided by 210.
22
Calculate the remainder when 155 is divided by 52.
51
Calculate the remainder when 657 is divided by 12.
9
Calculate the remainder when 375 is divided by 144.
87
Calculate the remainder when 389 is divided by 128.
5
Calculate the remainder when 2314 is divided by 7.
4
Calculate the remainder when 1142 is divided by 167.
140
What is the remainder when 547 is divided by 10?
7
Calculate the remainder when 288 is divided by 77.
57
What is the remainder when 126 is divided by 43?
40
What is the remainder when 861 is divided by 191?
97
Calculate the remainder when 677 is divided by 68.
65
What is the remainder when 1374 is divided by 457?
3
What is the remainder when 85 is divided by 71?
14
Calculate the remainder when 665 is divided by 75.
65
What is the remainder when 229 is divided by 59?
52
What is the remainder when 170 is divided by 87?
83
Calculate the remainder when 209 is divided by 72.
65
Calculate the remainder when 649 is divided by 21.
19
What is the remainder when 333 is divided by 87?
72
Calculate the remainder when 191 is divided by 130.
61
What is the remainder when 46 is divided by 16?
14
What is the remainder when 2819 is divided by 47?
46
Calculate the remainder when 394 is divided by 90.
34
Calculate the remainder when 1721 is divided by 192.
185
Calculate the remainder when 193 is divided by 50.
43
Calculate the remainder when 165 is divided by 56.
53
What is the remainder when 415 is divided by 91?
51
Calculate the remainder when 870 is divided by 100.
70
What is the remainder when 789 is divided by 44?
41
Calculate the remainder when 546 is divided by 61.
58
What is the remainder when 10415 is divided by 42?
41
Calculate the remainder when 236 is divided by 24.
20
Calculate the remainder when 387 is divided by 6.
3
Calculate the remainder when 221 is divided by 47.
33
What is the remainder when 1308 is divided by 16?
12
Calculate the remainder when 2872 is divided by 956.
4
What is the remainder when 26859 is divided by 22?
19
Calculate the remainder when 34 is divided by 10.
4
What is the remainder when 33 is divided by 22?
11
What is the remainder when 2134 is divided by 412?
74
Calculate the remainder when 1635 is divided by 9.
6
What is the remainder when 300 is divided by 61?
56
What is the remainder when 268 is divided by 55?
48
Calculate the remainder when 258 is divided by 134.
124
What is the remainder when 682 is divided by 38?
36
Calculate the remainder when 33 is divided by 6.
3
What is the remainder when 2703 is divided by 16?
15
Calculate the remainder when 1179 is divided by 105.
24
Calculate the remainder when 1974 is divided by 52.
50
Calculate the remainder when 106 is divided by 34.
4
Calculate the remainder when 376 is divided by 77.
68
Calculate the remainder when 158 is divided by 12.
2
What is the remainder when 2101 is divided by 13?
8
Calculate the remainder when 503 is divided by 51.
44
What is the remainder when 185 is divided by 59?
8
Calculate the remainder when 179 is divided by 24.
11
What is the remainder when 17 is divided by 11?
6
Calculate the remainder when 764 is divided by 45.
44
Calculate the remainder when 322 is divided by 47.
40
What is the remainder when 127 is divided by 8?
7
Calculate the remainder when 1752 is divided by 27.
24
Calculate the remainder when 1291 is divided by 87.
73
What is the remainder when 512 is divided by 309?
203
What is the remainder when 941 is divided by 23?
21
Calculate the remainder when 942 is divided by 35.
32
Calculate the remainder when 125 is divided by 48.
29
Calculate the remainder when 34 is divided by 23.
11
Calculate the remainder when 491 is divided by 17.
15
What is the remainder when 78 is divided by 5?
3
What i